{"id":127,"date":"2026-04-18T10:54:12","date_gmt":"2026-04-18T10:54:12","guid":{"rendered":"https:\/\/ptobella.santcugatesn.com\/?page_id=127"},"modified":"2026-04-18T13:13:57","modified_gmt":"2026-04-18T13:13:57","slug":"cuotes","status":"publish","type":"page","link":"https:\/\/ptobella.santcugatesn.com\/?page_id=127","title":{"rendered":"<font dir=\"auto\" style=\"vertical-align: inherit;\"><font dir=\"auto\" style=\"vertical-align: inherit;\">CUOTAS<\/font><\/font>"},"content":{"rendered":"\n<p class=\"has-text-align-center has-primary-background-color has-background\">A\u00a0<strong>EPICFITNESS CLUB<\/strong>\u00a0hem dissenyat les nostres quotes per adaptar-se al teu ritme de vida i als teus objectius, amb\u00a0<strong>flexibilitat total<\/strong>\u00a0i sense complicacions. Com a gimn\u00e0s independent, oferim opcions anuals per a qui busca\u00a0<strong>estabilitat i estalvi<\/strong>, i quotes mensuals per a qui prefereix\u00a0<strong>m\u00e0xima llibertat<\/strong>\u00a0amb cancel\u00b7lacions sense penalitzacions elevades.<br><br>Escull el pla que millor s&#8217;adapta a tu i comen\u00e7a a entrenar avui mateix!<\/p>\n\n\n\n<p class=\"has-text-align-center\"><\/p>\n\n\n\n<h3 class=\"wp-block-heading has-text-align-left\">Quota Anual<\/h3>\n\n\n\n<p>Quota completa anual + taxa d\u2019entrada inclosa al preu anual<\/p>\n\n\n\n<div class=\"wp-block-media-text has-media-on-the-right is-stacked-on-mobile has-primary-background-color has-background\"><div class=\"wp-block-media-text__content\">\n<div data-wp-context=\"{ &quot;autoclose&quot;: false, &quot;accordionItems&quot;: [] }\" data-wp-interactive=\"core\/accordion\" role=\"group\" class=\"wp-block-accordion is-layout-flow wp-block-accordion-is-layout-flow\">\n<div data-wp-class--is-open=\"state.isOpen\" data-wp-context=\"{ &quot;id&quot;: &quot;accordion-item-1&quot;, &quot;openByDefault&quot;: false }\" data-wp-init=\"callbacks.initAccordionItems\" data-wp-on-window--hashchange=\"callbacks.hashChange\" class=\"wp-block-accordion-item is-layout-flow wp-block-accordion-item-is-layout-flow\">\n<h3 class=\"wp-block-accordion-heading\"><button aria-expanded=\"false\" aria-controls=\"accordion-item-1-panel\" data-wp-bind--aria-expanded=\"state.isOpen\" data-wp-on--click=\"actions.toggle\" data-wp-on--keydown=\"actions.handleKeyDown\" id=\"accordion-item-1\" type=\"button\" class=\"wp-block-accordion-heading__toggle\"><span class=\"wp-block-accordion-heading__toggle-title\">413 \u20ac &#8211; Qu\u00e8 t&#8217;oferim?<\/span><span class=\"wp-block-accordion-heading__toggle-icon\" aria-hidden=\"true\">+<\/span><\/button><\/h3>\n\n\n\n<div inert aria-labelledby=\"accordion-item-1\" data-wp-bind--inert=\"!state.isOpen\" id=\"accordion-item-1-panel\" role=\"region\" class=\"wp-block-accordion-panel is-layout-flow wp-block-accordion-panel-is-layout-flow\">\n<p>EPIC FITNESS CLUB t\u2019ofereix la <strong>llibertat d\u2019entrenar al teu ritme<\/strong>, sense compromisos a llarg termini. Ideal per a persones que volen mantenir-se actives i adaptar el seu entrenament a la seva rutina.<\/p>\n\n\n\n<p><strong>Ideal per a:<\/strong> Qui vulgui flexibilitat i const\u00e0ncia<\/p>\n\n\n\n<p><strong>Inclou:&nbsp;<\/strong><\/p>\n\n\n\n<p>Acc\u00e9s il\u00b7limitat a les instal\u00b7lacions<\/p>\n\n\n\n<p>Classes funcionals i d\u2019entrenament de for\u00e7a<\/p>\n\n\n\n<p>Sessi\u00f3 personalitzada cada 3 mesos<\/p>\n\n\n\n<p><strong>Ideal per a: <\/strong>Aquells que busquen resultats duradors i un comprom\u00eds real amb ells mateixos.<\/p>\n<\/div>\n<\/div>\n<\/div>\n\n\n\n<p><\/p>\n\n\n\n<div class=\"wp-block-buttons is-content-justification-center is-layout-flex wp-container-core-buttons-is-layout-a89b3969 wp-block-buttons-is-layout-flex\">\n<div class=\"wp-block-button\"><a class=\"wp-block-button__link has-heading-color has-accent-text-background-color has-text-color has-background has-link-color wp-element-button\">COMPRAR<\/a><\/div>\n<\/div>\n<\/div><figure class=\"wp-block-media-text__media\"><img loading=\"lazy\" decoding=\"async\" width=\"600\" height=\"400\" src=\"https:\/\/ptobella.santcugatesn.com\/wp-content\/uploads\/2026\/04\/aa-1.webp\" alt=\"\" class=\"wp-image-135 size-full\" srcset=\"https:\/\/ptobella.santcugatesn.com\/wp-content\/uploads\/2026\/04\/aa-1.webp 600w, https:\/\/ptobella.santcugatesn.com\/wp-content\/uploads\/2026\/04\/aa-1-300x200.webp 300w\" sizes=\"auto, (max-width: 600px) 100vw, 600px\" \/><\/figure><\/div>\n\n\n\n<p><\/p>\n\n\n\n<h3 class=\"wp-block-heading\">Quota Mensual<\/h3>\n\n\n\n<p>Cuota mensual + taxa d\u2019entrada inclosa al preu anual<\/p>\n\n\n\n<div class=\"wp-block-media-text has-media-on-the-right is-stacked-on-mobile has-primary-background-color has-background\"><div class=\"wp-block-media-text__content\">\n<div data-wp-context=\"{ &quot;autoclose&quot;: false, &quot;accordionItems&quot;: [] }\" data-wp-interactive=\"core\/accordion\" role=\"group\" class=\"wp-block-accordion is-layout-flow wp-block-accordion-is-layout-flow\">\n<div data-wp-class--is-open=\"state.isOpen\" data-wp-context=\"{ &quot;id&quot;: &quot;accordion-item-2&quot;, &quot;openByDefault&quot;: false }\" data-wp-init=\"callbacks.initAccordionItems\" data-wp-on-window--hashchange=\"callbacks.hashChange\" class=\"wp-block-accordion-item is-layout-flow wp-block-accordion-item-is-layout-flow\">\n<h3 class=\"wp-block-accordion-heading\"><button aria-expanded=\"false\" aria-controls=\"accordion-item-2-panel\" data-wp-bind--aria-expanded=\"state.isOpen\" data-wp-on--click=\"actions.toggle\" data-wp-on--keydown=\"actions.handleKeyDown\" id=\"accordion-item-2\" type=\"button\" class=\"wp-block-accordion-heading__toggle\"><span class=\"wp-block-accordion-heading__toggle-title\">41,32 \u20ac &#8211; Qu\u00e8 t&#8217;oferim?<\/span><span class=\"wp-block-accordion-heading__toggle-icon\" aria-hidden=\"true\">+<\/span><\/button><\/h3>\n\n\n\n<div inert aria-labelledby=\"accordion-item-2\" data-wp-bind--inert=\"!state.isOpen\" id=\"accordion-item-2-panel\" role=\"region\" class=\"wp-block-accordion-panel is-layout-flow wp-block-accordion-panel-is-layout-flow\">\n<p>EPIC FITNESS CLUB t\u2019ofereix la <strong>llibertat d\u2019entrenar al teu ritme<\/strong>, sense compromisos a llarg termini. Ideal per a persones que volen mantenir-se actives i adaptar el seu entrenament a la seva rutina.<\/p>\n\n\n\n<p><strong>Ideal per a:<\/strong> Qui vulgui flexibilitat i const\u00e0ncia<\/p>\n\n\n\n<p><strong>Inclou:<\/strong><\/p>\n\n\n\n<p>Acc\u00e9s complet durant tot l\u2019any<\/p>\n\n\n\n<p>Descompte especial respecte la tarifa mensual<\/p>\n\n\n\n<p>Assessorament b\u00e0sic dels nostres entrenadors<\/p>\n\n\n\n<p><strong>Ideal per a: <\/strong>Aquells que busquen resultats duradors i un comprom\u00eds real amb ells mateixos.<\/p>\n\n\n\n<p><\/p>\n<\/div>\n<\/div>\n<\/div>\n\n\n\n<p><\/p>\n\n\n\n<div class=\"wp-block-buttons is-content-justification-center is-layout-flex wp-container-core-buttons-is-layout-a89b3969 wp-block-buttons-is-layout-flex\">\n<div class=\"wp-block-button\"><a class=\"wp-block-button__link has-heading-color has-accent-text-background-color has-text-color has-background has-link-color wp-element-button\">COMPRAR<\/a><\/div>\n<\/div>\n<\/div><figure class=\"wp-block-media-text__media\"><img loading=\"lazy\" decoding=\"async\" width=\"450\" height=\"300\" src=\"https:\/\/ptobella.santcugatesn.com\/wp-content\/uploads\/2026\/04\/450_1000-1.webp\" alt=\"\" class=\"wp-image-139 size-full\" srcset=\"https:\/\/ptobella.santcugatesn.com\/wp-content\/uploads\/2026\/04\/450_1000-1.webp 450w, https:\/\/ptobella.santcugatesn.com\/wp-content\/uploads\/2026\/04\/450_1000-1-300x200.webp 300w\" sizes=\"auto, (max-width: 450px) 100vw, 450px\" \/><\/figure><\/div>\n\n\n\n<p><\/p>\n\n\n\n<p> <\/p>\n","protected":false},"excerpt":{"rendered":"<p>A\u00a0EPICFITNESS CLUB\u00a0hem dissenyat les nostres quotes per adaptar-se al teu ritme de vida i als teus objectius, amb\u00a0flexibilitat total\u00a0i sense complicacions. Com a gimn\u00e0s independent, oferim opcions anuals per a qui busca\u00a0estabilitat i estalvi, i quotes mensuals per a qui prefereix\u00a0m\u00e0xima llibertat\u00a0amb cancel\u00b7lacions sense penalitzacions elevades. Escull el pla que millor s&#8217;adapta a tu i [&hellip;]<\/p>\n","protected":false},"author":1,"featured_media":0,"parent":0,"menu_order":0,"comment_status":"closed","ping_status":"closed","template":"","meta":{"footnotes":""},"class_list":["post-127","page","type-page","status-publish","hentry"],"yoast_head":"<!-- This site is optimized with the Yoast SEO plugin v26.0 - https:\/\/yoast.com\/wordpress\/plugins\/seo\/ -->\n<title>CUOTAS - EPICFITNESS CLUB<\/title>\n<meta name=\"robots\" content=\"index, follow, max-snippet:-1, max-image-preview:large, max-video-preview:-1\" \/>\n<link rel=\"canonical\" href=\"https:\/\/ptobella.santcugatesn.com\/?page_id=127\" \/>\n<meta property=\"og:locale\" content=\"en_US\" \/>\n<meta property=\"og:type\" content=\"article\" \/>\n<meta property=\"og:title\" content=\"CUOTAS - EPICFITNESS CLUB\" \/>\n<meta property=\"og:description\" content=\"A\u00a0EPICFITNESS CLUB\u00a0hem dissenyat les nostres quotes per adaptar-se al teu ritme de vida i als teus objectius, amb\u00a0flexibilitat total\u00a0i sense complicacions. Com a gimn\u00e0s independent, oferim opcions anuals per a qui busca\u00a0estabilitat i estalvi, i quotes mensuals per a qui prefereix\u00a0m\u00e0xima llibertat\u00a0amb cancel\u00b7lacions sense penalitzacions elevades. Escull el pla que millor s&#8217;adapta a tu i [&hellip;]\" \/>\n<meta property=\"og:url\" content=\"https:\/\/ptobella.santcugatesn.com\/?page_id=127\" \/>\n<meta property=\"og:site_name\" content=\"EPICFITNESS CLUB\" \/>\n<meta property=\"article:modified_time\" content=\"2026-04-18T13:13:57+00:00\" \/>\n<meta property=\"og:image\" content=\"https:\/\/ptobella.santcugatesn.com\/wp-content\/uploads\/2026\/04\/aa-1.webp\" \/>\n\t<meta property=\"og:image:width\" content=\"600\" \/>\n\t<meta property=\"og:image:height\" content=\"400\" \/>\n\t<meta property=\"og:image:type\" content=\"image\/webp\" \/>\n<meta name=\"twitter:card\" content=\"summary_large_image\" \/>\n<meta name=\"twitter:label1\" content=\"Est. reading time\" \/>\n\t<meta name=\"twitter:data1\" content=\"2 minutes\" \/>\n<script type=\"application\/ld+json\" class=\"yoast-schema-graph\">{\"@context\":\"https:\/\/schema.org\",\"@graph\":[{\"@type\":\"WebPage\",\"@id\":\"https:\/\/ptobella.santcugatesn.com\/?page_id=127\",\"url\":\"https:\/\/ptobella.santcugatesn.com\/?page_id=127\",\"name\":\"CUOTAS - EPICFITNESS CLUB\",\"isPartOf\":{\"@id\":\"https:\/\/ptobella.santcugatesn.com\/#website\"},\"primaryImageOfPage\":{\"@id\":\"https:\/\/ptobella.santcugatesn.com\/?page_id=127#primaryimage\"},\"image\":{\"@id\":\"https:\/\/ptobella.santcugatesn.com\/?page_id=127#primaryimage\"},\"thumbnailUrl\":\"https:\/\/ptobella.santcugatesn.com\/wp-content\/uploads\/2026\/04\/aa-1.webp\",\"datePublished\":\"2026-04-18T10:54:12+00:00\",\"dateModified\":\"2026-04-18T13:13:57+00:00\",\"breadcrumb\":{\"@id\":\"https:\/\/ptobella.santcugatesn.com\/?page_id=127#breadcrumb\"},\"inLanguage\":\"en-US\",\"potentialAction\":[{\"@type\":\"ReadAction\",\"target\":[\"https:\/\/ptobella.santcugatesn.com\/?page_id=127\"]}]},{\"@type\":\"ImageObject\",\"inLanguage\":\"en-US\",\"@id\":\"https:\/\/ptobella.santcugatesn.com\/?page_id=127#primaryimage\",\"url\":\"https:\/\/ptobella.santcugatesn.com\/wp-content\/uploads\/2026\/04\/aa-1.webp\",\"contentUrl\":\"https:\/\/ptobella.santcugatesn.com\/wp-content\/uploads\/2026\/04\/aa-1.webp\",\"width\":600,\"height\":400},{\"@type\":\"BreadcrumbList\",\"@id\":\"https:\/\/ptobella.santcugatesn.com\/?page_id=127#breadcrumb\",\"itemListElement\":[{\"@type\":\"ListItem\",\"position\":1,\"name\":\"Home\",\"item\":\"https:\/\/ptobella.santcugatesn.com\/\"},{\"@type\":\"ListItem\",\"position\":2,\"name\":\"CUOTAS\"}]},{\"@type\":\"WebSite\",\"@id\":\"https:\/\/ptobella.santcugatesn.com\/#website\",\"url\":\"https:\/\/ptobella.santcugatesn.com\/\",\"name\":\"EPICFITNESS CLUB\",\"description\":\"ENTRENA M\u00c9S FORT, VIU MILLOR CADA DIA EL TEU CANVI COMEN\u00c7A AQU\u00cd!\",\"publisher\":{\"@id\":\"https:\/\/ptobella.santcugatesn.com\/#organization\"},\"potentialAction\":[{\"@type\":\"SearchAction\",\"target\":{\"@type\":\"EntryPoint\",\"urlTemplate\":\"https:\/\/ptobella.santcugatesn.com\/?s={search_term_string}\"},\"query-input\":{\"@type\":\"PropertyValueSpecification\",\"valueRequired\":true,\"valueName\":\"search_term_string\"}}],\"inLanguage\":\"en-US\"},{\"@type\":\"Organization\",\"@id\":\"https:\/\/ptobella.santcugatesn.com\/#organization\",\"name\":\"EPICFITNESS CLUB\",\"url\":\"https:\/\/ptobella.santcugatesn.com\/\",\"logo\":{\"@type\":\"ImageObject\",\"inLanguage\":\"en-US\",\"@id\":\"https:\/\/ptobella.santcugatesn.com\/#\/schema\/logo\/image\/\",\"url\":\"https:\/\/ptobella.santcugatesn.com\/wp-content\/uploads\/2026\/04\/cropped-cropped-logo-EPICFITNESS-CLUB.png\",\"contentUrl\":\"https:\/\/ptobella.santcugatesn.com\/wp-content\/uploads\/2026\/04\/cropped-cropped-logo-EPICFITNESS-CLUB.png\",\"width\":512,\"height\":446,\"caption\":\"EPICFITNESS CLUB\"},\"image\":{\"@id\":\"https:\/\/ptobella.santcugatesn.com\/#\/schema\/logo\/image\/\"}}]}<\/script>\n<!-- \/ Yoast SEO plugin. -->","yoast_head_json":{"title":"CUOTAS - EPICFITNESS CLUB","robots":{"index":"index","follow":"follow","max-snippet":"max-snippet:-1","max-image-preview":"max-image-preview:large","max-video-preview":"max-video-preview:-1"},"canonical":"https:\/\/ptobella.santcugatesn.com\/?page_id=127","og_locale":"en_US","og_type":"article","og_title":"CUOTAS - EPICFITNESS CLUB","og_description":"A\u00a0EPICFITNESS CLUB\u00a0hem dissenyat les nostres quotes per adaptar-se al teu ritme de vida i als teus objectius, amb\u00a0flexibilitat total\u00a0i sense complicacions. Com a gimn\u00e0s independent, oferim opcions anuals per a qui busca\u00a0estabilitat i estalvi, i quotes mensuals per a qui prefereix\u00a0m\u00e0xima llibertat\u00a0amb cancel\u00b7lacions sense penalitzacions elevades. Escull el pla que millor s&#8217;adapta a tu i [&hellip;]","og_url":"https:\/\/ptobella.santcugatesn.com\/?page_id=127","og_site_name":"EPICFITNESS CLUB","article_modified_time":"2026-04-18T13:13:57+00:00","og_image":[{"width":600,"height":400,"url":"https:\/\/ptobella.santcugatesn.com\/wp-content\/uploads\/2026\/04\/aa-1.webp","type":"image\/webp"}],"twitter_card":"summary_large_image","twitter_misc":{"Est. reading time":"2 minutes"},"schema":{"@context":"https:\/\/schema.org","@graph":[{"@type":"WebPage","@id":"https:\/\/ptobella.santcugatesn.com\/?page_id=127","url":"https:\/\/ptobella.santcugatesn.com\/?page_id=127","name":"CUOTAS - EPICFITNESS CLUB","isPartOf":{"@id":"https:\/\/ptobella.santcugatesn.com\/#website"},"primaryImageOfPage":{"@id":"https:\/\/ptobella.santcugatesn.com\/?page_id=127#primaryimage"},"image":{"@id":"https:\/\/ptobella.santcugatesn.com\/?page_id=127#primaryimage"},"thumbnailUrl":"https:\/\/ptobella.santcugatesn.com\/wp-content\/uploads\/2026\/04\/aa-1.webp","datePublished":"2026-04-18T10:54:12+00:00","dateModified":"2026-04-18T13:13:57+00:00","breadcrumb":{"@id":"https:\/\/ptobella.santcugatesn.com\/?page_id=127#breadcrumb"},"inLanguage":"en-US","potentialAction":[{"@type":"ReadAction","target":["https:\/\/ptobella.santcugatesn.com\/?page_id=127"]}]},{"@type":"ImageObject","inLanguage":"en-US","@id":"https:\/\/ptobella.santcugatesn.com\/?page_id=127#primaryimage","url":"https:\/\/ptobella.santcugatesn.com\/wp-content\/uploads\/2026\/04\/aa-1.webp","contentUrl":"https:\/\/ptobella.santcugatesn.com\/wp-content\/uploads\/2026\/04\/aa-1.webp","width":600,"height":400},{"@type":"BreadcrumbList","@id":"https:\/\/ptobella.santcugatesn.com\/?page_id=127#breadcrumb","itemListElement":[{"@type":"ListItem","position":1,"name":"Home","item":"https:\/\/ptobella.santcugatesn.com\/"},{"@type":"ListItem","position":2,"name":"CUOTAS"}]},{"@type":"WebSite","@id":"https:\/\/ptobella.santcugatesn.com\/#website","url":"https:\/\/ptobella.santcugatesn.com\/","name":"EPICFITNESS CLUB","description":"ENTRENA M\u00c9S FORT, VIU MILLOR CADA DIA EL TEU CANVI COMEN\u00c7A AQU\u00cd!","publisher":{"@id":"https:\/\/ptobella.santcugatesn.com\/#organization"},"potentialAction":[{"@type":"SearchAction","target":{"@type":"EntryPoint","urlTemplate":"https:\/\/ptobella.santcugatesn.com\/?s={search_term_string}"},"query-input":{"@type":"PropertyValueSpecification","valueRequired":true,"valueName":"search_term_string"}}],"inLanguage":"en-US"},{"@type":"Organization","@id":"https:\/\/ptobella.santcugatesn.com\/#organization","name":"EPICFITNESS CLUB","url":"https:\/\/ptobella.santcugatesn.com\/","logo":{"@type":"ImageObject","inLanguage":"en-US","@id":"https:\/\/ptobella.santcugatesn.com\/#\/schema\/logo\/image\/","url":"https:\/\/ptobella.santcugatesn.com\/wp-content\/uploads\/2026\/04\/cropped-cropped-logo-EPICFITNESS-CLUB.png","contentUrl":"https:\/\/ptobella.santcugatesn.com\/wp-content\/uploads\/2026\/04\/cropped-cropped-logo-EPICFITNESS-CLUB.png","width":512,"height":446,"caption":"EPICFITNESS CLUB"},"image":{"@id":"https:\/\/ptobella.santcugatesn.com\/#\/schema\/logo\/image\/"}}]}},"_links":{"self":[{"href":"https:\/\/ptobella.santcugatesn.com\/index.php?rest_route=\/wp\/v2\/pages\/127","targetHints":{"allow":["GET"]}}],"collection":[{"href":"https:\/\/ptobella.santcugatesn.com\/index.php?rest_route=\/wp\/v2\/pages"}],"about":[{"href":"https:\/\/ptobella.santcugatesn.com\/index.php?rest_route=\/wp\/v2\/types\/page"}],"author":[{"embeddable":true,"href":"https:\/\/ptobella.santcugatesn.com\/index.php?rest_route=\/wp\/v2\/users\/1"}],"replies":[{"embeddable":true,"href":"https:\/\/ptobella.santcugatesn.com\/index.php?rest_route=%2Fwp%2Fv2%2Fcomments&post=127"}],"version-history":[{"count":9,"href":"https:\/\/ptobella.santcugatesn.com\/index.php?rest_route=\/wp\/v2\/pages\/127\/revisions"}],"predecessor-version":[{"id":143,"href":"https:\/\/ptobella.santcugatesn.com\/index.php?rest_route=\/wp\/v2\/pages\/127\/revisions\/143"}],"wp:attachment":[{"href":"https:\/\/ptobella.santcugatesn.com\/index.php?rest_route=%2Fwp%2Fv2%2Fmedia&parent=127"}],"curies":[{"name":"wp","href":"https:\/\/api.w.org\/{rel}","templated":true}]}}